9?
3
What is the hundreds digit of 2694722?
7
What is the ten thousands digit of 5599719?
9
What is the hundreds digit of 14083608?
6
What is the units digit of 1512941?
1
What is the ten thousands digit of 12468023?
6
What is the tens digit of 1135359?
5
What is the hundred thousands digit of 2275187?
2
What is the hundreds digit of 259876?
8
What is the units digit of 115912?
2
What is the tens digit of 557736?
3
What is the hundred thousands digit of 249018?
2
What is the hundreds digit of 236294?
2
What is the thousands digit of 303243?
3
What is the ten thousands digit of 7098476?
9
What is the units digit of 1078505?
5
What is the hundred thousands digit of 235677?
2
What is the tens digit of 24367410?
1
What is the units digit of 2246040?
0
What is the tens digit of 1828768?
6
What is the millions digit of 1121052?
1
What is the tens digit of 223883?
8
What is the ten millions digit of 12028012?
1
What is the hundred thousands digit of 406641?
4
What is the tens digit of 2857535?
3
What is the ten thousands digit of 3575923?
7
What is the thousands digit of 494733?
4
What is the millions digit of 3413216?
3
What is the hundred thousands digit of 1629951?
6
What is the thousands digit of 332061?
2
What is the thousands digit of 1488646?
8
What is the hundred thousands digit of 307241?
3
What is the tens digit of 5745714?
1
What is the hundreds digit of 23679149?
1
What is the hundreds digit of 3729573?
5
What is the units digit of 831378?
8
What is the tens digit of 382605?
0
What is the units digit of 585465?
5
What is the ten thousands digit of 578958?
7
What is the ten thousands digit of 2550799?
5
What is the tens digit of 6159?
5
What is the thousands digit of 2064571?
4
What is the hundreds digit of 1769358?
3
What is the tens digit of 246634?
3
What is the thousands digit of 980004?
0
What is the tens digit of 8711092?
9
What is the thousands digit of 1319174?
9
What is the thousands digit of 747403?
7
What is the units digit of 16032755?
5
What is the units digit of 117384?
4
What is the tens digit of 151864?
6
What is the units digit of 2565934?
4
What is the units digit of 611597?
7
What is the ten thousands digit of 7667133?
6
What is the hundreds digit of 666362?
3
What is the units digit of 2116610?
0
What is the tens digit of 164561?
6
What is the hundred thousands digit of 417878?
4
What is the thousands digit of 887072?
7
What is the ten thousands digit of 2919737?
1
What is the tens digit of 138374?
7
What is the thousands digit of 406200?
6
What is the thousands digit of 34962479?
2
What is the ten millions digit of 21742555?
2
What is the units digit of 9057075?
5
What is the units digit of 103232?
2
What is the millions digit of 11127749?
1
What is the hundred thousands digit of 4483891?
4
What is the ten thousands digit of 9608404?
0
What is the tens digit of 80914?
1
What is the ten thousands digit of 641123?
4
What is the hundreds digit of 51388?
3
What is the hundred thousands digit of 464027?
4
What is the units digit of 3567170?
0
What is the units digit of 29895381?
1
What is the units digit of 10487837?
7
What is the units digit of 4745125?
5
What is the units digit of 28984877?
7
What is the thousands digit of 78690?
8
What is the thousands digit of 1027224?
7
What is the thousands digit of 227446?
7
What is the ten thousands digit of 5508432?
0
What is the hundred thousands digit of 547367?
5
What is the hundreds digit of 12275587?
5
What is the hundreds digit of 198359?
3
What is the tens digit of 39025?
2
What is the tens digit of 7274752?
5
What is the hundred thousands digit of 264129?
2
What is the thousands digit of 3827850?
7
What is the hundred thousands digit of 511792?
5
What is the hundred thousands digit of 1463413?
4
What is the units digit of 532535?
5
What is the tens digit of 1170220?
2
What is the units digit of 181709?
9
What is the thousands digit of 8391671?
1
What is the ten thousands digit of 1478455?
7
What is the thousands digit of 6368298?
8
What is the hundred thousands digit of 164316?
1
What is the thousands digit of 71102?
1
What is the tens digit of 1113994?
9
What is the hundreds digit of 672122?
1
What is the hundred thousands digit of 39432999?
4
What is the thousands digit of 12371490?
1
What is the tens digit of 222954?
5
What is the thousands digit of 1542734?
2
What is the units digit of 1154871?
1
What is the hundreds digit of 1435400?
4
What is the units digit of 249347?
7
What is the hundreds digit of 510636?
6
What is the hundreds digit of 34776?
7
What is the millions digit of 9033315?
9
What is the hundred thousands digit of 278989?
2
What is the tens digit of 478502?
0
What is the hundreds digit of 1010404?
4
What is the millions digit of 3400336?
3
What is the tens digit of 40782?
8
What is the hundreds digit of 868378?
3
What is the hundreds digit of 136926?
9
What is the units digit of 1730527?
7
What is the units digit of 29274?
4
What is the ten millions digit of 10612938?
1
What is the thousands digit of 562530?
2
What is the hundred thousands digit of 11589650?
5
What is the tens digit of 687548?
4
What is the thousands digit of 21310722?
0
What is the hundreds digit of 2118647?
6
What is the hundreds digit of 7929389?
3
What is the millions digit of 20509488?
0
What is the hundred thousands digit of 10626678?
6
What is the units digit of 2170158?
8
What is the hundreds digit of 459271?
2
What is the thousands digit of 72810?
2
What is the tens digit of 87419?
1
What is the units digit of 13000721?
1
What is the thousands digit of 239471?
9
What is the thousands digit of 11390316?
0
What is the units digit of 23029338?
8
What is the hundreds digit of 30722656?
6
What is the ten thousands digit of 1954813?
5
What is the units digit of 107109?
9
What is the units digit of 3868254?
4
What is the hundreds digit of 234408?
4
What is the units digit of 10472820?
0
What is the tens digit of 2409456?
5
What is the tens digit of 1680699?
9
What is the hundreds digit of 766005?
0
What is the thousands digit of 963972?
3
What is the units digit of 2692820?
0
What is the hundreds digit of 386755?
7
What is the millions digit of 13897528?
3
What is the tens digit of 441795?
9
What is the hundreds digit of 2501492?
4
What is the tens digit of 1312216?
1
What is the hundreds digit of 4194926?
9
What is the hundreds digit of 2552019?
0
What is the hundred thousands digit of 1094412?
0
What is the hundreds digit of 21453?
4
What is the ten thousands digit of 9239429?
3
What is the tens digit of 2247023?
2
What is the tens digit of 309076?
7
What is the tens digit of 2693844?
4
What is the hundreds digit of 1076547?
5
What is the ten thousands digit of 2677254?
7
What is the ten thousands digit of 5335318?
3
What is the hundreds digit of 6306947?
9
What is the hundreds digit of 516241?
2
What is the hundred thousands digit of 9064957?
0
What is the tens digit of 6014266?
6
What is the units digit of 1376542?
2
What is the ten thousands digit of 75627?
7
What is the thousands digit of 3085436?
5
What is the thousands digit of 3105569?
5
What is the hundreds digit of 10784807?
8
What is the tens digit of 72889?
8
What is the hundreds digit of 226424?
4
What is the hundred thousands digit of 23620475?
6
What is the ten thousands digit of 1725309?
2
What is the tens digit of 15041465?
6
What is the hundred thousands digit of 1221283?
2
What is the thousands digit of 2846511?
6
What is the thousands digit of 733248?
3
What is the thousands digit of 4188683?
8
What is the hundred thousands digit of 31331342?
3
What is the millions digit of 3894023?
3
What is the units digit of 2983509?
9
What is the ten thousands digit of 10414057?
1
What is the ten thousands digit of 767103?
6
What is the millions digit of 5605310?
5
What is the units digit of 3445442?
2
What is the millions digit of 6159182?
6
What is the tens digit of 102760?
6
What is the thousands digit of 347302?
7
What is the hundred thousands digit of 783477?
7
What is the hundreds digit of 184212?
2
What is the units digit of 136140?
0
What is the hundreds digit of 386415?
4
What is the hundred thousands digit of 11421922?
4
What is the tens digit of 411299?
9
What is the millions digit of 16477449?
6
What is the tens